e highest common factor of 48 and t?
24
Suppose 9 = l + f, l - 5*f - 9 = -f. Suppose -4*o + 2*y = y - 110, -3*y = -3*o + 87. Calculate the greatest common factor of l and o.
9
Suppose 2*r + 0*r - 12 = 0. Suppose -h + 20 = r. What is the highest common divisor of h and 98?
14
Let s = -22 - -23. What is the greatest common divisor of s and 1?
1
Let a = 2 + 1. Suppose 0 = -5*q + a + 17. Calculate the highest common factor of q and 8.
4
Suppose -h - 3*m = -9 - 11, -80 = -4*h - 2*m. What is the highest common factor of 140 and h?
20
Suppose -105 = -0*t - 3*t. Suppose b = 5*b + 3*m + 7, 2*m + 10 = 0. Let w(d) = 3*d + 1. Let p be w(b). Calculate the greatest common factor of t and p.
7
Let w(p) = -p**3 - 4*p**2 - 3*p + 4. Let j be w(-3). Suppose 3*z = -5*r + 61, -3*r - j*z - 8 = -38. What is the highest common factor of r and 2?
2
Suppose 6 = 3*z - 3. Suppose -3*t - 6 = -0*t, -5*j + z*t = -16. Suppose j*l - 8 = -2. What is the greatest common factor of l and 24?
3
Let j be -3 - ((-15)/20 - (-267)/(-12)). Calculate the greatest common factor of j and 30.
10
Let r = -7 + 15. Calculate the greatest common divisor of r and 4.
4
Suppose -5*o + 0 = -10. Suppose -o*n = -n. Let t be n + (2*4 - 0). What is the greatest common divisor of 64 and t?
8
Let n be 1*-4 + 67 + 18. Calculate the highest common factor of 9 and n.
9
Let y be (-21)/(-9)*9*3. What is the greatest common factor of 7 and y?
7
Let j be 1/2*38 + -1. What is the highest common factor of j and 2?
2
Let v = 27 + -10. Suppose c + 2*j - 186 = 3*j, 4*c = 3*j + 745. What is the highest common divisor of c and v?
17
Let t = 39 - 25. Let n = t - -1. What is the highest common factor of n and 6?
3
Suppose -z - 5*s = 2, -4*s = -4*z + 5*z - 2. Calculate the highest common factor of 4 and z.
2
Let m = 12 + -2. Calculate the highest common factor of 50 and m.
10
Let i(o) = o + 7. Let h(x) = -x**2 + 2*x + 3. Let c be h(-2). Let g be i(c). Let f be g*2/(-4) - -6. Calculate the greatest common factor of f and 1.
1
Let r = 9 - 1. Let o = r + -1. Let w(k) = 4*k + 4. Let h be w(o). What is the greatest common factor of h and 48?
16
Let n be 2 + -308 + 1 + -1. Let q = -208 - n. Suppose -79 = -5*i + 3*d, -10 = 3*d - 1. Calculate the greatest common factor of q and i.
14
Let i = -35 + 50. Let c(v) = 3*v**2 - 3. Let u be c(-4). Calculate the highest common divisor of i and u.
15
Let v = 96 - 26. Suppose 0 = -2*o + 7*o - v. Calculate the highest common divisor of 14 and o.
14
Let b(q) = q**3 + 5*q**2 - 5*q + 2. Let m be b(-5). Calculate the greatest common factor of 243 and m.
27
Suppose -3*p = -6 - 12. What is the greatest common divisor of p and 54?
6
Let m = 26 - 11. Suppose -m = -5*i - 0. Suppose 112 = i*l + 7. What is the greatest common factor of 7 and l?
7
Suppose 0 = 3*b + s - 70, -5*b - 2*s + 116 = -0*b. Suppose -8*o = -5*o + 6. Let p be o/(-7) + (-418)/(-7). Calculate the highest common divisor of p and b.
12
Let q be (-2280)/(-54) - 4/18. Calculate the greatest common divisor of 63 and q.
21
Suppose 2*h - 105 = 5*f, 2*h + 2*f + 0*f = 70. Let c = 0 + 2. Suppose -2*y + 3*p + 38 = 0, -c*y + 33 = -4*p - 7. What is the highest common factor of y and h?
8
Let s(f) = -3*f + 2. Let l(t) = -6*t + 4. Let d(r) = -4*l(r) + 7*s(r). Let q = -5 + 12. Let h be d(q). What is the highest common divisor of 152 and h?
19
Let b(w) = -3 + 2 + 7*w - 2*w. Let c be (-2)/(-1) + (-5 - -4). Let y be b(c). Calculate the highest common divisor of y and 8.
4
Suppose 0 = -0*c - 3*c - 6. Let s be 132 + (c + 2)/2. Calculate the highest common divisor of s and 12.
12
Let p be 2/6*6*3. What is the greatest common divisor of 2 and p?
2
Let f(r) = -r**3 + 10*r**2 + 15*r - 4. Let o be f(11). What is the greatest common divisor of 4 and o?
4
Let n = 3 - -7. Let s be 2/n + 267/15. What is the highest common divisor of 12 and s?
6
Suppose 0*v + 4*s = 3*v - 20, -2*v + 5*s + 4 = 0. What is the greatest common divisor of 96 and v?
12
Suppose -3*r + 32 = -184. What is the greatest common divisor of 8 and r?
8
Let o(q) = -9*q + 4. Let m be o(-8). Let p = m - -52. Calculate the greatest common factor of 16 and p.
16
Let t = -64 - -45. Let f = 57 + t. Calculate the highest common factor of f and 95.
19
Suppose 122 = -5*x + 722. What is the highest common divisor of x and 15?
15
Suppose 0*u - u = -84. Suppose 2*y = 4*y - u. Suppose 0 = -2*r + 4*f, 2*r - f = -4 + 13. Calculate the greatest common factor of y and r.
6
Let q(l) = -l**3 - 4*l**2 + 4*l - 5. Let v be q(-5). Suppose -d + 0 + 1 = v. Calculate the greatest common divisor of d and 8.
1
Let t(q) = -3*q + 1. Let l be t(-2). What is the greatest common factor of l and 28?
7
Suppose 3*v - 125 = 145. Let h be (-7 - 2) + 4 + 23. What is the highest common factor of v and h?
18
Let n(v) = v**3 - 6*v**2 + 5*v + 2. Let b be n(5). Suppose -a = -5*h + 17 + 10, -2*h + 9 = -a. Let f = h - b. What is the highest common factor of 32 and f?
4
Suppose -3*f + 70 = -20. Let c = f - 12. Calculate the highest common divisor of 9 and c.
9
Suppose 5*j - 17 + 102 = 0. Let f = 35 + j. Let s(a) = -a**3 + 30*a**2 + 27*a + 151. Let y be s(31). Calculate the greatest common factor of f and y.
9
Let u(y) = y**3 - 6*y**2 + 2*y - 7. Let m be u(5). Let a = 32 + m. What is the greatest common factor of 2 and a?
2
Suppose 38*q = 40*q - 22. Calculate the greatest common divisor of q and 99.
11
Let n = 374 + -361. Suppose -590 - 250 = 5*d. Let j = -116 - d. Calculate the greatest common factor of n and j.
13
Let p = 4 + -4. Let u(c) = 2*c**2 + 4*c + 3. Let h be u(-2). Suppose h*y - 5 - 1 = p. What is the highest common factor of 20 and y?
2
Let a = -2 + 4. Let u be -2 - (-6)/4*a. Let l be (1 - 2)/((-1)/u). Calculate the highest common factor of l and 1.
1
Let g be -1 + 4/(-2) + 1. Let m be (-207)/g + 3/6. Let f = -21 - -34. Calculate the greatest common divisor of m and f.
13
Let n be (4 - (-2 + 3)) + -1. Suppose -3*x + 34 = 2*y + 9, y + 26 = n*x. What is the highest common factor of 55 and x?
11
Let p = 17 - 8. Let i = -31 + 37. What is the greatest common divisor of p and i?
3
Suppose -k - 5*p + 16 = -3*k, 4 = p. Let z be k + 96 + 4/(-2). Suppose i + 57 = 5*r + 4*i, -26 = -2*r + 2*i. What is the highest common factor of r and z?
12
Let m = -19 - -23. Suppose 15 + 81 = m*u. Calculate the greatest common divisor of 16 and u.
8
Let p(t) = -t**3 - 8*t**2 + 6*t - 4. Let n be p(-10). Let v(g) = -4*g + 1. Let j be v(-4). Calculate the highest common divisor of j and n.
17
Let q(v) = -3*v**2 + 6*v**2 - 2*v**2 - 9 + 6*v. Let d be q(-7). Let j(o) = 4*o**2 + 1. Let k be j(d). Calculate the highest common factor of k and 187.
17
Let s be 242/6 - (-2)/(-6). Let a be (s/15)/((-2)/(-9)). What is the greatest common divisor of a and 48?
12
Let r be 234/26 + (-1 + -1)/(-2). What is the highest common divisor of 5 and r?
5
Suppose -5*h = 3*v + 10, 2*h = -4*v + 6 + 4. Suppose -5*y - 20 = -d - d, -3*d + 51 = 3*y. Calculate the highest common divisor of v and d.
5
Let q(k) = k + 3. Let r be q(3). What is the greatest common factor of 66 and r?
6
Let t be 160/12*(-18)/(-4). What is the highest common divisor of 40 and t?
20
Suppose 3*c = c + 8. Let v(p) = 3*p**2 + 3*p + 2. Let x be v(c). Suppose -118 = -o + x. What is the highest common divisor of o and 18?
18
Suppose 0 = 4*a - 44 + 4. Suppose 5*n - 71 = 279. Calculate the greatest common divisor of n and a.
10
Let o = -24 - -46. Suppose 3*k = p - 31, 2*k - 7*k - 103 = -4*p. Calculate the highest common divisor of p and o.
22
Suppose 0 = 4*f + 2*j - 992, -f - 4*j = 18 - 280. Let s = -176 + f. What is the greatest common divisor of 14 and s?
14
Let d be (1/2)/(2/16). Let y(x) = x**2 - 21*x + 12. Let i be y(21). Calculate the highest common divisor of i and d.
4
Let t(h) = h + 15. Let n be t(-13). Suppose -n = 2*c - 12. What is the greatest common factor of 2 and c?
1
Suppose -f - 7 + 17 = 0. Calculate the highest common divisor of f and 10.
10
Let n = -43 - -58. Suppose 3*i = -25 + 115. What is the greatest common factor of i and n?
15
Suppose 0 = 4*f - 45 + 13. Let z be f/36 - (-140)/18. Calculate the greatest common divisor of z and 4.
4
Let d = -24 - -27. Calculate the greatest common divisor of d and 6.
3
Suppose 25 + 10 = g + 2*u, -u = -2*g + 50. Suppose 4*r = 2*r + 36. What is the greatest comm